 = z + -23. Suppose -14*r + 153 = -b*r. What are the prime factors of r?
3, 17
Let x = -10854 - -27868. List the prime factors of x.
2, 47, 181
Let i = -38 - -37. Let n be (0 + 2 + (-3 - -2))*i. What are the prime factors of (-4 - (n + 10))/(-1)?
13
Suppose 2 = -2*w - 3*m - 4, 0 = -5*w - 2*m - 4. Suppose 5*r + r - 108 = w. What are the prime factors of 7/((-7)/r)*-13?
2, 3, 13
What are the prime factors of (-12919225)/(-1100) + (-3)/4?
2, 367
Let t(i) = -6*i - i - 4*i - 5*i + 2. List the prime factors of t(-7).
2, 3, 19
Suppose 63*u - 13970 = 8*u. Suppose 3*w + 38 = 5*d + 8, 5*w + 40 = 5*d. List the prime factors of u/6*(-1 + d + 1).
127
Let c be (-16)/12 - 39/(-9). Suppose -1605 = -c*z - 7*h + 9*h, 0 = 2*z - h - 1071. What are the prime factors of z?
3, 179
Let v = 12 - 10. Let o(d) = -2*d - 17 - 2*d**2 + v + 0 + d**3. List the prime factors of o(7).
2, 3
Let n(t) = 4*t**2 + 91*t - 13. Let r be n(-23). Suppose 17*u = r*u + 224. List the prime factors of u.
2
Suppose -4*b = -2*x - 284172, -3*b + 30441 = -5*x - 182702. What are the prime factors of b?
19, 3739
Let w(z) = -9*z - 58. Let q be w(-7). Suppose -q*j - i + 1546 = 0, -2*j - 4*i + 5*i + 617 = 0. What are the prime factors of j?
3, 103
Let b be -8*(-3)/48 - (-26)/4. Let w(p) = 3*p**2 - 11*p - 14. Let l(a) = 5*a**2 - 23*a - 26. Let y(v) = -4*l(v) + 9*w(v). List the prime factors of y(b).
2, 17
Let k = 647 - -39. What are the prime factors of k?
2, 7
Suppose -4*q = -16*q + 204. Suppose -q*k + 2280 = -11*k. List the prime factors of k.
2, 5, 19
Let g be (-200)/110 + (12/(-22))/3. What are the prime factors of (2648/(-16))/((-2)/(-8)*g)?
331
Let t = -287 + 309. Suppose -t*a = -5*a - 18581. List the prime factors of a.
1093
Let c(p) = -3*p**3 - 19*p**2 + 49*p + 38. Let v(i) = 7*i**3 + 38*i**2 - 99*i - 77. Let u(b) = -5*c(b) - 2*v(b). List the prime factors of u(-15).
3, 523
Let x(w) = 4*w + 23. Let m be x(-5). Suppose m*v - 2*v + 2*r = 7, 2*v + 16 = 2*r. What are the prime factors of (5/v)/((-8)/408)?
5, 17
Suppose 5*u = 3*j - 17 + 5, 4*u = j - 4. Suppose -j*b + 1257 + 3703 = 0. What are the prime factors of b?
2, 5, 31
Suppose 0 = 2*o - 5*r - 324, 5*o + 0*r + 4*r = 744. Suppose 161*n = o*n + 4500. What are the prime factors of n?
2, 5
Let d = 9183 - 8336. What are the prime factors of d?
7, 11
Let q be (-128 - -1)/(6/(-42)). What are the prime factors of q/(-2)*-1 - 25/50?
2, 3, 37
Let i = -80299 + 129268. What are the prime factors of i?
3, 5441
Suppose y - 12 = -2*h, -2*h + 3*y = -y - 2. Suppose 0*m + 5*m - 60 = 5*s, m - 20 = h*s. What are the prime factors of m?
2, 5
Let a = 122 - 110. Suppose 12*f = 8*f + a. Suppose -r + 241 + 4 = 4*d, 177 = f*d + 3*r. What are the prime factors of d?
2, 31
Suppose 87 = 4*i - 5*y, i - 3*y = -0*y + 27. Let q be 9078/54 + (-2)/i. List the prime factors of 5 + (-2 - -1) + 1*q.
2, 43
Let m = -79 - -70. Let t(g) = -41*g + 8. Let s be t(m). Let u = 545 - s. What are the prime factors of u?
2, 3, 7
Suppose 0 = -0*w - 5*w + 65. Let k = -10 + w. Suppose 8*c = k*c + 315. What are the prime factors of c?
3, 7
Suppose 5*i + 21 = 2*m, 4*m + 24 + 9 = -5*i. Suppose 3*d = -7*d + 10. List the prime factors of 30/d*(3 + m + 2).
2, 3, 5
Let r(l) = -l + 1. Let b = -66 - -61. Let f be r(b). Suppose -882 = -f*w - w. List the prime factors of w.
2, 3, 7
Let z = 8339 + -3584. What are the prime factors of z?
3, 5, 317
Suppose -4*j - 4*s = -0*j - 3940, -5*j = -5*s - 4945. Let h = 1808 - j. What are the prime factors of h?
821
Let v be -37 + 9/81*9. What are the prime factors of (12/v)/(7/(-35826))?
2, 853
Let o be ((-185)/(-15))/(4/(-12)). Let r = -31 - o. What are the prime factors of ((-4)/2)/(r/(-699))?
233
Suppose -35*t + 5*t = -107552 - 188818. List the prime factors of t.
3, 37, 89
Let l(z) = -2*z**3 + 15*z**2 + 141*z + 63. List the prime factors of l(-24).
3, 11, 37
Let l(o) be the third derivative of 1/24*o**4 + 0*o**5 - 29/120*o**6 + 2*o**2 + 0*o + 1/3*o**3 + 0. What are the prime factors of l(-1)?
2, 3, 5
Suppose 6*h - 28 + 64 = 0. What are the prime factors of (4/h)/((-4)/4392)?
2, 3, 61
Suppose 212*p - 20202 = 175*p. Suppose -z + 6*z = 1535. Let r = p - z. What are the prime factors of r?
239
Suppose -5 = -r - 3*v, v + 2 = 4. Suppose 6*h + h = -2716. What are the prime factors of h/(-6) - r/3?
5, 13
Let m(r) = -7*r + 48. Let j be m(8). Let g(k) = -41*k - 145. What are the prime factors of g(j)?
3, 61
Suppose 3*v + 27301 = 4*k + k, 5455 = k + 2*v. Suppose 1827 = -22*m + 23*m + 3*g, -3*m + k = -2*g. What are the prime factors of m?
3, 607
Let h = 58 - 74. Let i = h + 18. Suppose -i*m + 4*m - 105 = -d, -4*d = -4*m - 444. What are the prime factors of d?
109
Let m be (-5955)/45 + (-2)/3. Let n = -514 + 737. Let s = n + m. What are the prime factors of s?
2, 3, 5
Let v be 397905/105 + (-6)/(-14). Suppose 2570 = 12*j - v. List the prime factors of j.
2, 5, 53
Suppose 6 = -3*l - 6, -5*g = -2*l + 3057. Let j = g - -898. Suppose -5*q + j + 350 = 0. What are the prime factors of q?
127
Suppose -56*r + 153110 = 5*r. Let u = 4150 - r. What are the prime factors of u?
2, 5, 41
Suppose 83*b = -48*b + 1784440 + 446097. What are the prime factors of b?
17027
Suppose -2*h + 13 = 3*b + 7, 17 = -3*h + 2*b. List the prime factors of h + 0 - (-450)/2.
2, 3, 37
What are the prime factors of (-28)/7*(-2 - 732)?
2, 367
Suppose 4*o - 364 = 2*l, 7*o - l + 469 = 12*o. Suppose -o*f = -103*f + 210. List the prime factors of f.
3, 7
Let f(a) be the second derivative of 3*a**5/20 + a**4/2 - 3*a**2 + 20*a + 3. What are the prime factors of f(3)?
3, 43
Let g(a) = -2*a + 4. Let c be g(4). Let f(w) = -7*w**3 - 15*w - 9. What are the prime factors of f(c)?
499
Let c be 11768/(-18) - 84/378. Let r = -314 - c. What are the prime factors of r?
2, 5, 17
Suppose 2306 + 10222 = -6*u + 42*u. List the prime factors of u.
2, 3, 29
Let h(y) be the second derivative of -y**5/20 - 5*y**4/6 - 11*y**3/6 - 25*y**2/2 + 3*y. Let s be h(-10). Suppose 0*d + 5*d = s. List the prime factors of d.
17
Let w be 6589/5 - 9/(-45). Let v = -904 + w. List the prime factors of v.
2, 3, 23
Let m = 16925 - 11071. List the prime factors of m.
2, 2927
Suppose -16560 + 4828 = -2*y + 2*a, -29358 = -5*y + 12*a. What are the prime factors of y?
2, 3, 977
Let g(k) = -84*k + 17. Let q(y) = 42*y - 8. Let o(h) = -3*g(h) - 7*q(h). Let x be o(2). Let r = 93 + x. List the prime factors of r.
2, 7
Let z(q) = 44*q**3 - 6*q**2 + 54*q - 64. List the prime factors of z(9).
2, 53, 151
Let r = -306 - -316. List the prime factors of ((-4764)/(-30))/(4/r).
397
Let f = 11080 - 3495. List the prime factors of f.
5, 37, 41
Let i(t) = -3*t + 23. Let p be i(-16). Let o be (p - -1)*(-2)/(-4). List the prime factors of (-1 - -35)*(o/8 - 4).
17
Let v(w) = 4*w**2 - 27*w - 22. List the prime factors of v(30).
2, 173
Let r = 74 + -71. Suppose -r*w = -0*w - 411. List the prime factors of (w/2)/((-3)/(-6)).
137
Let o = 545 + 7130. What are the prime factors of o?
5, 307
Let q(n) = -n**2 - 3*n + 8. Let r(z) = 7*z**2. Let g be r(-1). Let m be q(g). Let c = m - -268. What are the prime factors of c?
2, 103
Suppose 52*q - 27*q = 23*q + 7266. List the prime factors of q.
3, 7, 173
Let r(z) = -2*z + 10. Let d be r(-3). Suppose 0 = -d*f + 13*f + 1185. List the prime factors of f.
5, 79
Suppose -5*g = -10, -395 = -f - g - 0*g. Let w = 562 - f. List the prime factors of w.
13
Suppose -7*h + 865506 = 60*h. List the prime factors of h.
2, 3, 2153
Suppose 0 = 5*z + 20, 0 = 7*s - 11*s + 4*z + 2680. List the prime factors of s.
2, 3, 37
Suppose 4*l - 749 = 60743. List the prime factors of l.
15373
Suppose -2612*r = -2546*r - 1241328. What are the prime factors of r?
2, 2351
Suppose -8*w + 11*w + 417 = 0. Let g = 171 - w. What are the prime factors of g?
2, 5, 31
Let r(c) = 16*c + 2728. List the prime factors of r(54).
2, 449
Let p be (23*2)/2 - (-10 - -10). Let u = -23 + p. Suppose 5*n - 2*t - 731 = u, -3*t = 5*n + t - 713. What are the prime factors of n?
5, 29
Let w(o) = 6507*o**2 - 26*o - 28. What are the prime factors of w(-2)?
2, 3, 13, 167
Suppose 99 - 25 = 2*d. Let z = d + -29. Suppose 80 = -z*m + 824. What are the prime factors of m?
3, 31
Let v(z) = 3*z**2 - 12. Let a be (-4)/26 - (-93)/13. List the prime factors of v(a).
3, 5
Let r(h) be the third derivative of -5*h